{"id":9,"date":"2012-11-21T17:23:06","date_gmt":"2012-11-21T17:23:06","guid":{"rendered":"https:\/\/globaldialogues.org\/portugues\/?page_id=9"},"modified":"2013-12-13T20:19:34","modified_gmt":"2013-12-13T20:19:34","slug":"team-partners","status":"publish","type":"page","link":"https:\/\/globaldialogues.org\/portugues\/about-us\/team-partners\/","title":{"rendered":"Equipa e parceiros"},"content":{"rendered":"<p>A ess\u00eancia da Global Dialogues \u00e9 uma parceria multidisciplinar abrangente. Desde 1997, o projeto tem-se concentrado em criar, manter e expandir continuamente uma rede internacional de parceiros singularmente empenhados, e em incentivar sinergias entre eles. Jovens, em particular os que s\u00e3o mais vulner\u00e1veis, formam o n\u00facleo da equipa da Global Dialogues. S\u00e3o apoiados por especialistas de renome, numa grande variedade de \u00e1reas inter-relacionadas, que incluem:<\/p>\n<div class=\"col_3\" >\n<ul>\n<li>Sa\u00fade p\u00fablica global<\/li>\n<li>Estudos no \u00e2mbito da empatia e da compaix\u00e3o<\/li>\n<li>Mobiliza\u00e7\u00e3o social; voz dos jovens<\/li>\n<li>Media de mudan\u00e7a social<\/li>\n<li>Investiga\u00e7\u00e3o e an\u00e1lise narrativa<\/li>\n<li>Ativismo global e local<\/li>\n<\/ul>\n<\/div>\n<div class=\"col_3 last\" >\n<ul>\n<li>VIH\/SIDA; sa\u00fade sexual e direitos<\/li>\n<li>N\u00e3o-viol\u00eancia; prote\u00e7\u00e3o da inf\u00e2ncia<\/li>\n<li>Diversidade e direitos humanos associados<\/li>\n<li>Cinema e teatro comunit\u00e1rio<\/li>\n<li>Antropologia; Sociologia; Psicologia<\/li>\n<li>L\u00ednguas<\/li>\n<\/ul>\n<\/div>\n<p>Essa fam\u00edlia, a crescer continuamente, \u00e9 demasiado grande para conseguirmos reconhecer todos, total e equitativamente, nesta p\u00e1gina.<\/p>\n<p>O projeto foi criado em 1997, pela Global Dialogues Trust (GDT, UK, Institui\u00e7\u00e3o de solidariedade social registada em Inglaterra com o N\u00ba 1071484). A representa\u00e7\u00e3o, expans\u00e3o e coordena\u00e7\u00e3o internacional da Global Dialogues s\u00e3o prerrogativa exclusiva da GDT.<\/p>\n","protected":false},"excerpt":{"rendered":"<p>A ess\u00eancia da Global Dialogues \u00e9 uma parceria multidisciplinar abrangente. Desde 1997, o projeto tem-se concentrado em criar, manter e expandir continuamente uma rede internacional de parceiros singularmente empenhados, e em incentivar sinergias entre eles. Jovens, em particular os que s\u00e3o mais vulner\u00e1veis, formam o n\u00facleo da equipa da Global Dialogues. S\u00e3o apoiados por especialistas <a class=\"read-more\" href=\" https:\/\/globaldialogues.org\/portugues\/about-us\/team-partners\/\">&#8230;Read More<\/a><\/p>\n","protected":false},"author":1,"featured_media":0,"parent":6,"menu_order":2,"comment_status":"open","ping_status":"open","template":"template_sidebar_left_and_right.php","meta":{"footnotes":""},"class_list":["post-9","page","type-page","status-publish","hentry"],"aioseo_notices":[],"_links":{"self":[{"href":"https:\/\/globaldialogues.org\/portugues\/wp-json\/wp\/v2\/pages\/9","targetHints":{"allow":["GET"]}}],"collection":[{"href":"https:\/\/globaldialogues.org\/portugues\/wp-json\/wp\/v2\/pages"}],"about":[{"href":"https:\/\/globaldialogues.org\/portugues\/wp-json\/wp\/v2\/types\/page"}],"author":[{"embeddable":true,"href":"https:\/\/globaldialogues.org\/portugues\/wp-json\/wp\/v2\/users\/1"}],"replies":[{"embeddable":true,"href":"https:\/\/globaldialogues.org\/portugues\/wp-json\/wp\/v2\/comments?post=9"}],"version-history":[{"count":6,"href":"https:\/\/globaldialogues.org\/portugues\/wp-json\/wp\/v2\/pages\/9\/revisions"}],"predecessor-version":[{"id":341,"href":"https:\/\/globaldialogues.org\/portugues\/wp-json\/wp\/v2\/pages\/9\/revisions\/341"}],"up":[{"embeddable":true,"href":"https:\/\/globaldialogues.org\/portugues\/wp-json\/wp\/v2\/pages\/6"}],"wp:attachment":[{"href":"https:\/\/globaldialogues.org\/portugues\/wp-json\/wp\/v2\/media?parent=9"}],"curies":[{"name":"wp","href":"https:\/\/api.w.org\/{rel}","templated":true}]}}