{"id":43,"date":"2012-11-21T18:01:08","date_gmt":"2012-11-21T18:01:08","guid":{"rendered":"https:\/\/globaldialogues.org\/portugues\/?page_id=43"},"modified":"2012-11-29T00:22:36","modified_gmt":"2012-11-29T00:22:36","slug":"hivaids-and-sexuality","status":"publish","type":"page","link":"https:\/\/globaldialogues.org\/portugues\/about-us\/the-issues\/hivaids-and-sexuality\/","title":{"rendered":"VIH\/SIDA e sexualidade"},"content":{"rendered":"<p>No que toca ao VIH\/SIDA e \u00e0 sexualidade, h\u00e1 muitos disparates e at\u00e9 informa\u00e7\u00f5es erradas, perigosas, na Internet. Encontr\u00e1mos algumas fontes cred\u00edveis, em que podem confiar, e encorajamos-vos a consult\u00e1-las:<\/p>\n<ul>\n<li><strong>Associa\u00e7\u00e3o Abra\u00e7o<\/strong>. Informa\u00e7\u00f5es e links \u00fateis.<br>\n<a href=\"http:\/\/www.abraco.pt\/?page_id=2\" target=\"_blank\">\n   www.abraco.pt\/?page_id=2<\/a><\/li>\n<li><strong>Positivo<\/strong>. Viver com o VIH\/SIDA.<br>\n<a href=\"http:\/\/www.positivo.org.pt\" target=\"_blank\">\n   www.positivo.org.pt<\/a><\/li>\n<li><strong>Os filmes da Global Dialogues em portugu\u00eas<\/strong>. A vis\u00e3o dos jovens.<br>\n<a href=\"http:\/\/www.youtube.com\/playlist?list=PL08CC204ECC5466A7&#038;feature=plcp\" target=\"_blank\">\n   www.youtube.com\/playlist?list=PL08CC204ECC5466A7&#038;feature=plcp<\/a><\/li>\n<\/ul>\n","protected":false},"excerpt":{"rendered":"<p>No que toca ao VIH\/SIDA e \u00e0 sexualidade, h\u00e1 muitos disparates e at\u00e9 informa\u00e7\u00f5es erradas, perigosas, na Internet. Encontr\u00e1mos algumas fontes cred\u00edveis, em que podem confiar, e encorajamos-vos a consult\u00e1-las: Associa\u00e7\u00e3o Abra\u00e7o. Informa\u00e7\u00f5es e links \u00fateis. www.abraco.pt\/?page_id=2 Positivo. Viver com o VIH\/SIDA. www.positivo.org.pt Os filmes da Global Dialogues em portugu\u00eas. A vis\u00e3o dos jovens. www.youtube.com\/playlist?list=PL08CC204ECC5466A7&#038;feature=plcp<\/p>\n","protected":false},"author":3,"featured_media":0,"parent":41,"menu_order":1,"comment_status":"open","ping_status":"open","template":"template_sidebar_left_and_extra_content.php","meta":{"footnotes":""},"class_list":["post-43","page","type-page","status-publish","hentry"],"aioseo_notices":[],"_links":{"self":[{"href":"https:\/\/globaldialogues.org\/portugues\/wp-json\/wp\/v2\/pages\/43","targetHints":{"allow":["GET"]}}],"collection":[{"href":"https:\/\/globaldialogues.org\/portugues\/wp-json\/wp\/v2\/pages"}],"about":[{"href":"https:\/\/globaldialogues.org\/portugues\/wp-json\/wp\/v2\/types\/page"}],"author":[{"embeddable":true,"href":"https:\/\/globaldialogues.org\/portugues\/wp-json\/wp\/v2\/users\/3"}],"replies":[{"embeddable":true,"href":"https:\/\/globaldialogues.org\/portugues\/wp-json\/wp\/v2\/comments?post=43"}],"version-history":[{"count":3,"href":"https:\/\/globaldialogues.org\/portugues\/wp-json\/wp\/v2\/pages\/43\/revisions"}],"predecessor-version":[{"id":255,"href":"https:\/\/globaldialogues.org\/portugues\/wp-json\/wp\/v2\/pages\/43\/revisions\/255"}],"up":[{"embeddable":true,"href":"https:\/\/globaldialogues.org\/portugues\/wp-json\/wp\/v2\/pages\/41"}],"wp:attachment":[{"href":"https:\/\/globaldialogues.org\/portugues\/wp-json\/wp\/v2\/media?parent=43"}],"curies":[{"name":"wp","href":"https:\/\/api.w.org\/{rel}","templated":true}]}}