{"id":8,"date":"2012-11-21T06:47:37","date_gmt":"2012-11-21T06:47:37","guid":{"rendered":"https:\/\/globaldialogues.org\/espanol\/?page_id=8"},"modified":"2013-01-11T21:50:22","modified_gmt":"2013-01-11T21:50:22","slug":"project-overview","status":"publish","type":"page","link":"https:\/\/globaldialogues.org\/espanol\/about-us\/project-overview\/","title":{"rendered":"Descripci\u00f3n del proyecto"},"content":{"rendered":"<p>Di\u00e1logos Globales se ha ampliado y mejorado de manera constante desde que inici\u00f3 en 1997; incluye cinco componentes que se encuentran interconectados y se\u00a0 refuerzan mutuamente:<\/p>\n<p><strong> <a href=\"https:\/\/globaldialogues.org\/wp-content\/uploads\/2012\/09\/Global-Dialogues-PROCESS-photo.jpg\"><img loading=\"lazy\" decoding=\"async\" class=\"alignright size-medium wp-image-931\" src=\"https:\/\/globaldialogues.org\/wp-content\/uploads\/2012\/09\/Global-Dialogues-PROCESS-photo-300x225.jpg\" alt=\"Global Dialogues PROCESS photo\" width=\"300\" height=\"225\" \/><\/a><\/strong><\/p>\n<p><strong>Opini\u00f3n de los j\u00f3venes y movilizaci\u00f3n social<\/strong>. Di\u00e1logos Globales tiene un alcance con equipos de trabajo que operan a nivel comunidad y por Internet en donde se alienta a los j\u00f3venes a intervenir en actividades innovadoras y participativas, dise\u00f1adas para estimular y difundir su opini\u00f3n. En los concursos internacionales, los j\u00f3venes se expresan al crear historias o relatos sobre temas mundiales de salud p\u00fablica y otros asuntos de vital importancia para nuestro mundo.<\/p>\n<p><strong>Medios de comunicaci\u00f3n social para el cambio<\/strong>. Mediante la colaboraci\u00f3n creativa \u2013 o como le llamamos, inter-creatividad, &#8211; las historias de los j\u00f3venes se materializan como pel\u00edculas o en teatro, disponibles en varios idiomas y se distribuyen libremente en el \u00e1mbito comunitario, en Internet y en la televisi\u00f3n, llegando a cientos de millones de personas cada a\u00f1o.<\/p>\n<p><strong>La generaci\u00f3n de nuevos conocimientos en las perspectivas de los j\u00f3venes <\/strong>a trav\u00e9s de la investigaci\u00f3n narrativa. Las historias de los j\u00f3venes sobre Di\u00e1logos Globales se estudian sistem\u00e1ticamente para comprender mejor los pensamientos y sentimientos de los j\u00f3venes, sus inquietudes y sue\u00f1os, as\u00ed como sus retos y soluciones.<\/p>\n<p><strong>Activismo local y mundial<\/strong>. Las producciones art\u00edsticas de Di\u00e1logos Globales y los nuevos conocimientos que se han generado a trav\u00e9s del an\u00e1lisis narrativo se aplican para mejorar las pol\u00edticas y los programas en m\u00faltiples niveles.<\/p>\n<p><strong>Monitoreo riguroso y evaluaci\u00f3n<\/strong> e intercambio abierto de lecciones y rendimiento.<\/p>\n<p>El equipo de Di\u00e1logos Globales se esfuerza por cultivar la empat\u00eda, la compasi\u00f3n y la unidad en la diversidad en todas sus actividades.<\/p>\n","protected":false},"excerpt":{"rendered":"<p>Di\u00e1logos Globales se ha ampliado y mejorado de manera constante desde que inici\u00f3 en 1997; incluye cinco componentes que se encuentran interconectados y se\u00a0 refuerzan mutuamente: Opini\u00f3n de los j\u00f3venes y movilizaci\u00f3n social. Di\u00e1logos Globales tiene un alcance con equipos de trabajo que operan a nivel comunidad y por Internet en donde se alienta a <a class=\"read-more\" href=\" https:\/\/globaldialogues.org\/espanol\/about-us\/project-overview\/\">&#8230;Read More<\/a><\/p>\n","protected":false},"author":1,"featured_media":0,"parent":6,"menu_order":2,"comment_status":"open","ping_status":"open","template":"template_sidebar_left.php","meta":{"footnotes":""},"class_list":["post-8","page","type-page","status-publish","hentry"],"aioseo_notices":[],"_links":{"self":[{"href":"https:\/\/globaldialogues.org\/espanol\/wp-json\/wp\/v2\/pages\/8","targetHints":{"allow":["GET"]}}],"collection":[{"href":"https:\/\/globaldialogues.org\/espanol\/wp-json\/wp\/v2\/pages"}],"about":[{"href":"https:\/\/globaldialogues.org\/espanol\/wp-json\/wp\/v2\/types\/page"}],"author":[{"embeddable":true,"href":"https:\/\/globaldialogues.org\/espanol\/wp-json\/wp\/v2\/users\/1"}],"replies":[{"embeddable":true,"href":"https:\/\/globaldialogues.org\/espanol\/wp-json\/wp\/v2\/comments?post=8"}],"version-history":[{"count":4,"href":"https:\/\/globaldialogues.org\/espanol\/wp-json\/wp\/v2\/pages\/8\/revisions"}],"predecessor-version":[{"id":303,"href":"https:\/\/globaldialogues.org\/espanol\/wp-json\/wp\/v2\/pages\/8\/revisions\/303"}],"up":[{"embeddable":true,"href":"https:\/\/globaldialogues.org\/espanol\/wp-json\/wp\/v2\/pages\/6"}],"wp:attachment":[{"href":"https:\/\/globaldialogues.org\/espanol\/wp-json\/wp\/v2\/media?parent=8"}],"curies":[{"name":"wp","href":"https:\/\/api.w.org\/{rel}","templated":true}]}}