{"id":21,"date":"2012-11-21T07:02:16","date_gmt":"2012-11-21T07:02:16","guid":{"rendered":"https:\/\/globaldialogues.org\/espanol\/?page_id=21"},"modified":"2016-03-24T20:42:05","modified_gmt":"2016-03-24T20:42:05","slug":"contest-resources","status":"publish","type":"page","link":"https:\/\/globaldialogues.org\/espanol\/contests\/contest-resources\/","title":{"rendered":"Recursos del concurso"},"content":{"rendered":"<p>Aqu\u00ed te presentamos muy buenas fuentes de informaci\u00f3n mientras creas tus registros para el concurso de Di\u00e1logos Globales. Estos sitios Web contienen informaci\u00f3n y consejos sobre <a href=\"#hiv\">VIH\/SIDA y la sexualidad<\/a>; <a href=\"#violence\">violencia<\/a>; y <a href=\"#story\">creaci\u00f3n de un gran cuento, gui\u00f3n o cortometraje<\/a>.\n<a name=\"hiv\"><\/a><\/p>\n<h2>VIH\/SIDA y la sexualidad: fuentes fidedignas de informaci\u00f3n<\/h2>\n<ul>\n<li><strong>UNICEF<\/strong>: La Juventud Opina, VIH\/SIDA.<br>\n<a href=\"http:\/\/lajuventudopina.org\/sections\/hiv-and-aids\/pages\/the-big-picture\" target=\"_blank\">lajuventudopina.org\/sections\/hiv-and-aids\/pages\/the-big-picture<\/a><\/li>\n<li><strong>Planned Parenthood<\/strong>: Sexo y sexualidad.<br>\n<a href=\"http:\/\/www.plannedparenthood.org\/esp\/temas-de-salud\/sexualidad-24053.htm\" target=\"_blank\">www.plannedparenthood.org\/esp\/temas-de-salud\/sexualidad-24053.htm<\/a><strong><\/strong><\/li>\n<li><strong>The Body en Espa\u00f1ol. VIH\/SIDA<\/strong>:\u00a0Centro de Recursos para Latinos.<br>\n<a href=\"http:\/\/www.thebody.com\/espanol.html?ic=3001\" target=\"_blank\">www.thebody.com\/espanol.html?ic=3001<\/a><\/li>\n<li><strong>Salud sexual para adolescentes<\/strong>:<br \/>\n<a title=\"Kids Health\" href=\"http:\/\/kidshealth.org\/teen\/en_espanol\/index.html?tracking=81347_F#cat20278\" target=\"_blank\">kidshealth.org\/teen\/en_espanol\/index.html?tracking=81347_F#cat20278<\/a><\/li>\n<li><strong>Diversidad sexual<\/strong>:<br \/>\n<a title=\"Sexual Diversity\" href=\"http:\/\/www.americalatinagenera.org\/es\/index.php?option=com_content&amp;view=article&amp;id=301&amp;Itemid=166\" target=\"_blank\">www.americalatinagenera.org\/es\/index.php?option=com_content&amp;view=article&amp;id=301&amp;Itemid=166<\/a><\/li>\n<li><strong>Programa de salud sexual y g\u00e9nero<\/strong>:<br \/>\n<a title=\"Sexual Health Program and Gender\" href=\"http:\/\/www.profamilia.org.co\/index.php?option=com_content&amp;view=article&amp;id=204&amp;Itemid=133\" target=\"_blank\">www.profamilia.org.co\/index.php?option=com_content&amp;view=article&amp;id=204&amp;Itemid=133<\/a><\/li>\n<li><strong>Informaci\u00f3n sobre VIH\/SIDA<\/strong>:<br \/>\n<a title=\"HIV\/AIDS\" href=\"http:\/\/www.who.int\/topics\/hiv_aids\/es\/index.html\" target=\"_blank\">www.who.int\/topics\/hiv_aids\/es\/index.html<\/a><\/li>\n<li><strong>Datos fundamentales sobre el sida<\/strong>:<br \/>\n<a title=\"Fast Facts About AIDS\" href=\"http:\/\/www.unaids.org\/es\/resources\/presscentre\/fastfactsabouthiv\/\" target=\"_blank\">www.unaids.org\/es\/resources\/presscentre\/fastfactsabouthiv\/<\/a><\/li>\n<li><strong>Informaci\u00f3n general sobre el sida<\/strong>:<br \/>\n<a title=\"HIV\/AIDS Information\" href=\"http:\/\/www.cruzroja.es\/vih\/\" target=\"_blank\">www.cruzroja.es\/vih\/<\/a><\/li>\n<li><strong>Informaci\u00f3n general sobre el sida<\/strong>:<br \/>\n<a title=\"CDC\" href=\"http:\/\/www.cdc.gov\/hiv\/spanish\/topics\/basic\/index.htm\" target=\"_blank\">www.cdc.gov\/hiv\/spanish\/topics\/basic\/index.htm<\/a><\/li>\n<\/ul>\n<p><a name=\"violence\"><\/a><\/p>\n<h2>Violencia: excelentes sitios web con informaci\u00f3n fidedigna<\/h2>\n<ul>\n<li><strong>UNICEF<\/strong>. La Juventud Opina: La Violencia, la Guerra y los Conflictos.<br>\n<a href=\"http:\/\/lajuventudopina.org\/sections\/violence-war-and-conflict\/pages\/the-big-picture\" target=\"_blank\">lajuventudopina.org\/sections\/violence-war-and-conflict\/pages\/the-big-picture<\/a><\/li>\n<li><strong>Amnist\u00eda Internacional<\/strong>. Violencia contra las mujeres.<br>\n<a href=\"http:\/\/www.es.amnesty.org\/temas\/mujeres\/violencia-contra-las-mujeres\/\" target=\"_blank\">www.es.amnesty.org\/temas\/mujeres\/violencia-contra-las-mujeres\/<\/a><\/li>\n<li><strong>Violencia de g\u00e9nero<\/strong>:\n<p><a href=\"http:\/\/hoxe.vigo.org\/movemonos\/muller_vxenero.php?lang=cas\" target=\"_blank\">hoxe.vigo.org\/movemonos\/muller_vxenero.php?lang=cas<\/a><\/li>\n<li><strong>La violencia contra las mujeres<\/strong>: datos y cifras.\n<p><a href=\"http:\/\/saynotoviolence.org\/es\/el-tema\/datos-y-cifras\" target=\"_blank\">saynotoviolence.org\/es\/el-tema\/datos-y-cifras<\/a><\/li>\n<li><strong>La violencia contra la mujer<\/strong>:\n<p><a href=\"http:\/\/www.who.int\/mediacentre\/factsheets\/fs239\/es\/\" target=\"_blank\">www.who.int\/mediacentre\/factsheets\/fs239\/es\/<\/a><\/li>\n<li><strong>La violencia de pareja<\/strong>:\n<p><a href=\"http:\/\/www.usalo.cdmx.gob.mx\/index.php?option=com_content&#038;view=article&#038;id=299&#038;Itemid=149\" target=\"_blank\">www.usalo.cdmx.gob.mx\/index.php?option=com_content&#038;view=article&#038;id=299&#038;Itemid=149<\/a><\/li>\n<li><strong>Tipos de violencia<\/strong>:\n<p><a href=\"http:\/\/www.conavim.gob.mx\/es\/CONAVIM\/Aprende_a_reconocer_los_tipos_de_violencia\" target=\"_blank\">www.conavim.gob.mx\/es\/CONAVIM\/Aprende_a_reconocer_los_tipos_de_violencia<\/a><\/li>\n<\/ul>\n<p><a name=\"story\"><\/a><\/p>\n<h2>Creaci\u00f3n de un gran cuento, gui\u00f3n o cortometraje<\/h2>\n<ul>\n<li><strong>Consejos para hacer un gui\u00f3n de cortometraje<\/strong>\u00a0Esteban Ram\u00edrez. <br>\n<a href=\"http:\/\/www.oei.es\/lenguas\/GuionesOk2.pdf\" target=\"_blank\">www.oei.es\/lenguas\/GuionesOk2.pdf<\/a><\/li>\n<li><strong>C\u00f3mo escribir un cuento corto<\/strong>:<br \/>\n<a href=\"http:\/\/es.wikihow.com\/escribir-una-cuento-corto\" target=\"_blank\">es.wikihow.com\/escribir-una-cuento-corto<\/a><\/li>\n<li><strong>C\u00f3mo escribir un cuento corto<\/strong>:<br \/>\n<a href=\"http:\/\/www.ehowenespanol.com\/escribir-cuento-corto-como_40965\/\" target=\"_blank\">www.ehowenespanol.com\/escribir-cuento-corto-como_40965\/<\/a><\/li>\n<li><strong>C\u00f3mo escribir un cuento<\/strong>:<br \/>\n<a href=\"http:\/\/artes.uncomo.com\/articulo\/como-escribir-un-cuento-7514.html\" target=\"_blank\">artes.uncomo.com\/articulo\/como-escribir-un-cuento-7514.html<\/a><\/li>\n<li><strong>C\u00f3mo hacer cortometrajes<\/strong>:<br \/><a href=\"http:\/\/comohacertucorto.blogspot.com\/\" target=\"_blank\">http:\/\/comohacertucorto.blogspot.com\/<\/a>\n<\/li>\n<\/ul>\n","protected":false},"excerpt":{"rendered":"<p>Aqu\u00ed te presentamos muy buenas fuentes de informaci\u00f3n mientras creas tus registros para el concurso de Di\u00e1logos Globales. Estos sitios Web contienen informaci\u00f3n y consejos sobre VIH\/SIDA y la sexualidad; violencia; y creaci\u00f3n de un gran cuento, gui\u00f3n o cortometraje. VIH\/SIDA y la sexualidad: fuentes fidedignas de informaci\u00f3n UNICEF: La Juventud Opina, VIH\/SIDA. lajuventudopina.org\/sections\/hiv-and-aids\/pages\/the-big-picture Planned <a class=\"read-more\" href=\" https:\/\/globaldialogues.org\/espanol\/contests\/contest-resources\/\">&#8230;Read More<\/a><\/p>\n","protected":false},"author":3,"featured_media":0,"parent":15,"menu_order":5,"comment_status":"open","ping_status":"open","template":"template_sidebar_left.php","meta":{"footnotes":""},"class_list":["post-21","page","type-page","status-publish","hentry"],"aioseo_notices":[],"_links":{"self":[{"href":"https:\/\/globaldialogues.org\/espanol\/wp-json\/wp\/v2\/pages\/21","targetHints":{"allow":["GET"]}}],"collection":[{"href":"https:\/\/globaldialogues.org\/espanol\/wp-json\/wp\/v2\/pages"}],"about":[{"href":"https:\/\/globaldialogues.org\/espanol\/wp-json\/wp\/v2\/types\/page"}],"author":[{"embeddable":true,"href":"https:\/\/globaldialogues.org\/espanol\/wp-json\/wp\/v2\/users\/3"}],"replies":[{"embeddable":true,"href":"https:\/\/globaldialogues.org\/espanol\/wp-json\/wp\/v2\/comments?post=21"}],"version-history":[{"count":19,"href":"https:\/\/globaldialogues.org\/espanol\/wp-json\/wp\/v2\/pages\/21\/revisions"}],"predecessor-version":[{"id":468,"href":"https:\/\/globaldialogues.org\/espanol\/wp-json\/wp\/v2\/pages\/21\/revisions\/468"}],"up":[{"embeddable":true,"href":"https:\/\/globaldialogues.org\/espanol\/wp-json\/wp\/v2\/pages\/15"}],"wp:attachment":[{"href":"https:\/\/globaldialogues.org\/espanol\/wp-json\/wp\/v2\/media?parent=21"}],"curies":[{"name":"wp","href":"https:\/\/api.w.org\/{rel}","templated":true}]}}