{"id":20,"date":"2012-11-21T07:01:43","date_gmt":"2012-11-21T07:01:43","guid":{"rendered":"https:\/\/globaldialogues.org\/espanol\/?page_id=20"},"modified":"2014-08-20T23:14:57","modified_gmt":"2014-08-20T23:14:57","slug":"faq","status":"publish","type":"page","link":"https:\/\/globaldialogues.org\/espanol\/contests\/faq\/","title":{"rendered":"FAQ (Preguntas m\u00e1s frecuentes)"},"content":{"rendered":"<p><a href=\"#q1\">\u00bfCu\u00e1ndo es la fecha l\u00edmite del concurso de Di\u00e1logos Globales?<\/a><br>\n<a href=\"#q2\">\u00bfPuedo registrar m\u00e1s de un trabajo? \u00bfPuedo ganar m\u00e1s de un premio?<\/a><br>\n<a href=\"#q3\">Soy mayor de 25 a\u00f1os y quiero participar. \u00bfEs posible?<\/a><br>\n<a href=\"#q4\">\u00bfMi historia tiene que ser sobre uno de los temas sugeridos?<\/a><br>\n<a href=\"#q5\">\u00bfLos registros del concurso tienen que estar en Espa\u00f1ol?<\/a><br>\n<a href=\"#q6\">\u00bfTengo que presentar mis registros electr\u00f3nicamente?<\/a><br>\n<a href=\"#q7\">\u00bfCu\u00e1ndo y c\u00f3mo se anunciar\u00e1n los ganadores?<\/a><br>\n<a href=\"#q8\">\u00bfCu\u00e1ndo se llevar\u00e1 a cabo el pr\u00f3ximo concurso de Di\u00e1logos Globales?<\/a><br><\/p>\n<hr \/>\n<p><a id=\"q1\"><\/a>\n<strong>\u00bfCu\u00e1ndo es la fecha l\u00edmite del concurso de Di\u00e1logos Globales?<\/strong><br>\nLos trabajos registrados deben ser presentados por Internet o por correo postal antes de la medianoche (hora GMT) del 31 de marzo de 2015.<\/p>\n<hr \/>\n<p><a id=\"q2\"><\/a>\n<strong>\u00bfPuedo registrar m\u00e1s de un trabajo? \u00bfPuedo ganar m\u00e1s de un premio?<\/strong><br>\n\u00a1S\u00ed! Puedes enviar tantos registros como desees. Y s\u00ed, tambi\u00e9n puedes ganar m\u00e1s de un premio.<\/p>\n<hr \/>\n<p><a id=\"q3\"><\/a>\n<strong>Soy mayor de 24 a\u00f1os y quiero participar. \u00bfEs posible? <\/strong><br>\nS\u00ed. Si tienes m\u00e1s de 24, puedes participar en un equipo de trabajo, dirigido por alguna persona que sea menor de 25 a\u00f1os. Debes nombrar a alguien menor de 25 a\u00f1os para que sea el l\u00edder.<\/p>\n<hr \/>\n<p><a id=\"q4\"><\/a>\n<strong>\u00bfMi historia tiene que ser sobre uno de los temas sugeridos?<\/strong><br>\nNo. Eres libre de crear tu trabajo sobre cualquier tema que desees, siempre y cuando est\u00e9 relacionado con uno de los temas del concurso: VIH\/SIDA, sexualidad, violencia contra la mujer o sobre alcohol, drogas y sexo.<\/p>\n<hr \/>\n<p><a id=\"q5\"><\/a>\n<strong>\u00bfLos registros del concurso tienen que estar en Espa\u00f1ol?<\/strong><br>\nEste a\u00f1o se aceptar\u00e1n los registros en los idiomas oficiales del concurso de Di\u00e1logos Globales: espa\u00f1ol, ingl\u00e9s, franc\u00e9s, alem\u00e1n, ind\u00fa, Bahasa Indonesia, kiswahili, mandar\u00edn, portugu\u00e9s, o ruso. Se a\u00f1adir\u00e1n m\u00e1s idiomas en los pr\u00f3ximos a\u00f1os. Si haces tu registro en otro idioma, por favor solicita que alguien lo traduzca a uno de los idiomas oficiales antes de enviarlo.<\/p>\n<hr \/>\n<p><a id=\"q6\"><\/a>\n<strong>\u00bfTengo que presentar mis registros electr\u00f3nicamente?<\/strong><br>\nPuedes enviar tus registros por v\u00eda electr\u00f3nica o a trav\u00e9s del correo ordinario. Cualquiera de los dos, est\u00e1 bien.\nDirecci\u00f3n de correo postal: Global Dialogues \/ P.O. Box 33567 \/ Decatur, GA  30033, USA. E-mail: contest@globaldialogues.org. O: Si lo prefieres, puedes participar en el concurso en Internet a trav\u00e9s del sitio Web de Di\u00e1logos Globales: www.globaldialogues.org<\/p>\n<hr \/>\n<p><a id=\"q7\"><\/a>\n<strong>\u00bfCu\u00e1ndo y c\u00f3mo se anunciar\u00e1n los ganadores? <\/strong><br>\nDespu\u00e9s de la fecha l\u00edmite del concurso, los ganadores ser\u00e1n seleccionados por un jurado mediante un proceso minucioso. Los ganadores del concurso se dar\u00e1n a conocer antes de finales de agosto en los medios de comunicaci\u00f3n de Di\u00e1logos Globales (Facebook, Google+).<\/p>\n<hr \/>\n<p><a id=\"q8\"><\/a>\n<strong>\u00bfCu\u00e1ndo se llevar\u00e1 a cabo el pr\u00f3ximo concurso de Di\u00e1logos Globales?<\/strong><br>\nLos concursos se har\u00e1n cada a\u00f1o. \u00danete a nosotros en los medios para mantenerte informado.<\/p>\n","protected":false},"excerpt":{"rendered":"<p>\u00bfCu\u00e1ndo es la fecha l\u00edmite del concurso de Di\u00e1logos Globales? \u00bfPuedo registrar m\u00e1s de un trabajo? \u00bfPuedo ganar m\u00e1s de un premio? Soy mayor de 25 a\u00f1os y quiero participar. \u00bfEs posible? \u00bfMi historia tiene que ser sobre uno de los temas sugeridos? \u00bfLos registros del concurso tienen que estar en Espa\u00f1ol? \u00bfTengo que presentar <a class=\"read-more\" href=\" https:\/\/globaldialogues.org\/espanol\/contests\/faq\/\">&#8230;Read More<\/a><\/p>\n","protected":false},"author":3,"featured_media":0,"parent":15,"menu_order":4,"comment_status":"open","ping_status":"open","template":"template_sidebar_left.php","meta":{"footnotes":""},"class_list":["post-20","page","type-page","status-publish","hentry"],"aioseo_notices":[],"_links":{"self":[{"href":"https:\/\/globaldialogues.org\/espanol\/wp-json\/wp\/v2\/pages\/20","targetHints":{"allow":["GET"]}}],"collection":[{"href":"https:\/\/globaldialogues.org\/espanol\/wp-json\/wp\/v2\/pages"}],"about":[{"href":"https:\/\/globaldialogues.org\/espanol\/wp-json\/wp\/v2\/types\/page"}],"author":[{"embeddable":true,"href":"https:\/\/globaldialogues.org\/espanol\/wp-json\/wp\/v2\/users\/3"}],"replies":[{"embeddable":true,"href":"https:\/\/globaldialogues.org\/espanol\/wp-json\/wp\/v2\/comments?post=20"}],"version-history":[{"count":18,"href":"https:\/\/globaldialogues.org\/espanol\/wp-json\/wp\/v2\/pages\/20\/revisions"}],"predecessor-version":[{"id":448,"href":"https:\/\/globaldialogues.org\/espanol\/wp-json\/wp\/v2\/pages\/20\/revisions\/448"}],"up":[{"embeddable":true,"href":"https:\/\/globaldialogues.org\/espanol\/wp-json\/wp\/v2\/pages\/15"}],"wp:attachment":[{"href":"https:\/\/globaldialogues.org\/espanol\/wp-json\/wp\/v2\/media?parent=20"}],"curies":[{"name":"wp","href":"https:\/\/api.w.org\/{rel}","templated":true}]}}